{"id":3,"date":"2023-02-15T20:31:30","date_gmt":"2023-02-15T19:31:30","guid":{"rendered":"http:\/\/kdsbgyn.cluster027.hosting.ovh.net\/?page_id=3"},"modified":"2024-12-09T01:34:52","modified_gmt":"2024-12-09T00:34:52","slug":"mentions-legales","status":"publish","type":"page","link":"https:\/\/www.libre-envie.com\/index.php\/mentions-legales\/","title":{"rendered":"Mentions l\u00e9gales"},"content":{"rendered":"\n<h2 class=\"wp-block-heading\"><strong class=\"privacy-policy-tutorial\"><\/strong><\/h2>\n\n\n\n<div class=\"wp-block-cover has-parallax ona-hero\" style=\"min-height:67vh;aspect-ratio:unset;\"><span aria-hidden=\"true\" class=\"wp-block-cover__background has-background-dim-30 has-background-dim\" style=\"background-color:#668259\"><\/span><div class=\"wp-block-cover__image-background wp-image-314 has-parallax\" style=\"background-position:50% 50%;background-image:url(https:\/\/www.libre-envie.com\/wp-content\/uploads\/2024\/07\/Photo-nature.jpg)\"><\/div><div class=\"wp-block-cover__inner-container is-layout-flow wp-block-cover-is-layout-flow\">\n<div class=\"wp-block-group is-layout-constrained wp-container-core-group-is-layout-7bec18b8 wp-block-group-is-layout-constrained\">\n<h1 class=\"wp-block-heading has-text-align-center has-background-color has-text-color has-x-large-font-size\" id=\"hello-i-m-ona-and-this-is-my-personal-travel-journal\">Mentions l\u00e9gales<\/h1>\n<\/div>\n<\/div><\/div>\n\n\n\n<div style=\"height:12px\" aria-hidden=\"true\" class=\"wp-block-spacer\"><\/div>\n\n\n\n<p>Conform\u00e9ment aux dispositions de la loi n\u00b0 2004-575 du 21 juin 2004 pour la confiance en l&rsquo;\u00e9conomie num\u00e9rique, il est pr\u00e9cis\u00e9 aux utilisateurs du site libre-envie l&rsquo;identit\u00e9 des diff\u00e9rents intervenants dans le cadre de sa r\u00e9alisation et de son suivi.<\/p>\n\n\n\n<h2 class=\"wp-block-heading\">\u00c9dition du site<\/h2>\n\n\n\n<p>Le pr\u00e9sent site, accessible \u00e0 l\u2019URL www.libre-envie.com (le \u00ab Site \u00bb), est \u00e9dit\u00e9 par :<\/p>\n\n\n\n<p>Lucie Labalette, r\u00e9sidant 24 bd de jardy 92420 Vaucresson, de nationalit\u00e9 Fran\u00e7aise (France), n\u00e9(e) le 27\/12\/1993,<\/p>\n\n\n\n<p>Code APE : 9609Z<\/p>\n\n\n\n<p>Num\u00e9ro individuel TVA de l\u2019\u00e9diteur : FR22828122242.<\/p>\n\n\n\n<h2 class=\"wp-block-heading\">H\u00e9bergement<\/h2>\n\n\n\n<p>Le Site est h\u00e9berg\u00e9 par la soci\u00e9t\u00e9 OVH SAS situ\u00e9e 2 rue Kellermann, 59100 Roubaix.<\/p>\n\n\n\n<h2 class=\"wp-block-heading\">Direction de publication<\/h2>\n\n\n\n<p>La directrice de publication est Lucie Labalette.<\/p>\n\n\n\n<h2 class=\"wp-block-heading\">Contact<\/h2>\n\n\n\n<p>Par t\u00e9l\u00e9phone : +33637109777<\/p>\n\n\n\n<p>Par email : lucie.labalette@gmail.com<\/p>\n\n\n\n<p>Par courrier : 24 bd de jardy, 92420 Vaucresson<\/p>\n\n\n\n<div style=\"height:12px\" aria-hidden=\"true\" class=\"wp-block-spacer\"><\/div>\n","protected":false},"excerpt":{"rendered":"<p>Conform\u00e9ment aux dispositions de la loi n\u00b0 2004-575 du 21 juin 2004 pour la confiance en l&rsquo;\u00e9conomie num\u00e9rique, il est pr\u00e9cis\u00e9 aux utilisateurs du site libre-envie l&rsquo;identit\u00e9 des diff\u00e9rents intervenants dans le cadre de sa r\u00e9alisation et de son suivi. \u00c9dition du site Le pr\u00e9sent site, accessible \u00e0 l\u2019URL www.libre-envie.com (le \u00ab Site \u00bb), est [&hellip;]<\/p>\n","protected":false},"author":1,"featured_media":0,"parent":0,"menu_order":0,"comment_status":"closed","ping_status":"open","template":"page-header-footer-only","meta":{"footnotes":""},"class_list":["post-3","page","type-page","status-publish","hentry"],"_links":{"self":[{"href":"https:\/\/www.libre-envie.com\/index.php\/wp-json\/wp\/v2\/pages\/3","targetHints":{"allow":["GET"]}}],"collection":[{"href":"https:\/\/www.libre-envie.com\/index.php\/wp-json\/wp\/v2\/pages"}],"about":[{"href":"https:\/\/www.libre-envie.com\/index.php\/wp-json\/wp\/v2\/types\/page"}],"author":[{"embeddable":true,"href":"https:\/\/www.libre-envie.com\/index.php\/wp-json\/wp\/v2\/users\/1"}],"replies":[{"embeddable":true,"href":"https:\/\/www.libre-envie.com\/index.php\/wp-json\/wp\/v2\/comments?post=3"}],"version-history":[{"count":2,"href":"https:\/\/www.libre-envie.com\/index.php\/wp-json\/wp\/v2\/pages\/3\/revisions"}],"predecessor-version":[{"id":330,"href":"https:\/\/www.libre-envie.com\/index.php\/wp-json\/wp\/v2\/pages\/3\/revisions\/330"}],"wp:attachment":[{"href":"https:\/\/www.libre-envie.com\/index.php\/wp-json\/wp\/v2\/media?parent=3"}],"curies":[{"name":"wp","href":"https:\/\/api.w.org\/{rel}","templated":true}]}}