{"id":347,"date":"2025-10-02T15:33:48","date_gmt":"2025-10-02T13:33:48","guid":{"rendered":"https:\/\/www.libre-envie.com\/?page_id=347"},"modified":"2026-04-09T12:48:33","modified_gmt":"2026-04-09T10:48:33","slug":"blog","status":"publish","type":"page","link":"https:\/\/www.libre-envie.com\/index.php\/blog\/","title":{"rendered":"Blog"},"content":{"rendered":"\n<div class=\"wp-block-group ona-container is-layout-constrained wp-container-core-group-is-layout-05539529 wp-block-group-is-layout-constrained\">\n<div class=\"wp-block-query alignwide is-layout-flow wp-block-query-is-layout-flow\">\n<div class=\"wp-block-group is-layout-constrained wp-container-core-group-is-layout-961642b6 wp-block-group-is-layout-constrained\" style=\"padding-top:100px;padding-right:1.5rem;padding-bottom:80px;padding-left:1.5rem\">\n<h2 class=\"wp-block-heading has-text-align-center has-large-font-size\" style=\"margin-bottom:48px\">Bienvenue sur le blog<\/h2>\n\n\n\n<div style=\"height:22px\" aria-hidden=\"true\" class=\"wp-block-spacer\"><\/div>\n\n\n\n<div class=\"wp-block-query alignwide is-layout-flow wp-block-query-is-layout-flow\"><ul class=\"columns-3 is-style-ona-post-grid-gap-30 wp-block-post-template is-layout-grid wp-container-core-post-template-is-layout-6d3fbd8f wp-block-post-template-is-layout-grid\"><li class=\"wp-block-post post-398 post type-post status-publish format-standard has-post-thumbnail hentry category-article\">\n\n<article class=\"wp-block-group is-layout-flow wp-block-group-is-layout-flow\"><figure class=\"hover-scale is-style-ona-rounded wp-block-post-featured-image\"><a href=\"https:\/\/www.libre-envie.com\/index.php\/2026\/03\/24\/apprendre-par-coeur-ou-probleme-de-coeur-quand-le-corps-donne-une-lecon-fascinante\/\" target=\"_self\"  ><img loading=\"lazy\" decoding=\"async\" width=\"1170\" height=\"878\" src=\"https:\/\/www.libre-envie.com\/wp-content\/uploads\/2026\/03\/Coeur-1170x878.jpg\" class=\"attachment-post-thumbnail size-post-thumbnail wp-post-image\" alt=\"Apprendre par c\u0153ur ou probl\u00e8me de c\u0153ur ? Quand le corps donne une le\u00e7on fascinante.\" style=\"object-fit:cover;\" srcset=\"https:\/\/www.libre-envie.com\/wp-content\/uploads\/2026\/03\/Coeur-1170x878.jpg 1170w, https:\/\/www.libre-envie.com\/wp-content\/uploads\/2026\/03\/Coeur-300x225.jpg 300w, https:\/\/www.libre-envie.com\/wp-content\/uploads\/2026\/03\/Coeur-1024x768.jpg 1024w, https:\/\/www.libre-envie.com\/wp-content\/uploads\/2026\/03\/Coeur-768x576.jpg 768w, https:\/\/www.libre-envie.com\/wp-content\/uploads\/2026\/03\/Coeur-1536x1152.jpg 1536w, https:\/\/www.libre-envie.com\/wp-content\/uploads\/2026\/03\/Coeur.jpg 2048w\" sizes=\"auto, (max-width: 1170px) 100vw, 1170px\" \/><\/a><\/figure>\n\n\n<div class=\"wp-block-group is-layout-flow wp-container-core-group-is-layout-fe0e2ea3 wp-block-group-is-layout-flow\">\n<div class=\"wp-block-group is-layout-flex wp-block-group-is-layout-flex\"><div class=\"taxonomy-category wp-block-post-terms\"><a href=\"https:\/\/www.libre-envie.com\/index.php\/category\/article\/\" rel=\"tag\">Article<\/a><\/div><\/div>\n\n\n<h2 style=\"margin-bottom:18px;\" class=\"wp-block-post-title has-medium-font-size\"><a href=\"https:\/\/www.libre-envie.com\/index.php\/2026\/03\/24\/apprendre-par-coeur-ou-probleme-de-coeur-quand-le-corps-donne-une-lecon-fascinante\/\" target=\"_self\" >Apprendre par c\u0153ur ou probl\u00e8me de c\u0153ur ? Quand le corps donne une le\u00e7on fascinante.<\/a><\/h2><\/div>\n<\/article>\n\n<\/li><li class=\"wp-block-post post-389 post type-post status-publish format-standard has-post-thumbnail hentry category-article\">\n\n<article class=\"wp-block-group is-layout-flow wp-block-group-is-layout-flow\"><figure class=\"hover-scale is-style-ona-rounded wp-block-post-featured-image\"><a href=\"https:\/\/www.libre-envie.com\/index.php\/2026\/03\/24\/il-faut-que-je-vous-dise-que-je-ne-suis-pas-comme-tout-le-monde\/\" target=\"_self\"  ><img loading=\"lazy\" decoding=\"async\" width=\"1170\" height=\"878\" src=\"https:\/\/www.libre-envie.com\/wp-content\/uploads\/2026\/03\/IMG_4520-1170x878.jpg\" class=\"attachment-post-thumbnail size-post-thumbnail wp-post-image\" alt=\"Il faut que je vous dise&#8230; Que je ne suis pas comme tout le monde.\" style=\"object-fit:cover;\" srcset=\"https:\/\/www.libre-envie.com\/wp-content\/uploads\/2026\/03\/IMG_4520-1170x878.jpg 1170w, https:\/\/www.libre-envie.com\/wp-content\/uploads\/2026\/03\/IMG_4520-300x225.jpg 300w, https:\/\/www.libre-envie.com\/wp-content\/uploads\/2026\/03\/IMG_4520-1024x768.jpg 1024w, https:\/\/www.libre-envie.com\/wp-content\/uploads\/2026\/03\/IMG_4520-768x576.jpg 768w, https:\/\/www.libre-envie.com\/wp-content\/uploads\/2026\/03\/IMG_4520-1536x1152.jpg 1536w, https:\/\/www.libre-envie.com\/wp-content\/uploads\/2026\/03\/IMG_4520-2048x1536.jpg 2048w\" sizes=\"auto, (max-width: 1170px) 100vw, 1170px\" \/><\/a><\/figure>\n\n\n<div class=\"wp-block-group is-layout-flow wp-container-core-group-is-layout-fe0e2ea3 wp-block-group-is-layout-flow\">\n<div class=\"wp-block-group is-layout-flex wp-block-group-is-layout-flex\"><div class=\"taxonomy-category wp-block-post-terms\"><a href=\"https:\/\/www.libre-envie.com\/index.php\/category\/article\/\" rel=\"tag\">Article<\/a><\/div><\/div>\n\n\n<h2 style=\"margin-bottom:18px;\" class=\"wp-block-post-title has-medium-font-size\"><a href=\"https:\/\/www.libre-envie.com\/index.php\/2026\/03\/24\/il-faut-que-je-vous-dise-que-je-ne-suis-pas-comme-tout-le-monde\/\" target=\"_self\" >Il faut que je vous dise&#8230; Que je ne suis pas comme tout le monde.<\/a><\/h2><\/div>\n<\/article>\n\n<\/li><li class=\"wp-block-post post-378 post type-post status-publish format-standard has-post-thumbnail hentry category-article\">\n\n<article class=\"wp-block-group is-layout-flow wp-block-group-is-layout-flow\"><figure class=\"hover-scale is-style-ona-rounded wp-block-post-featured-image\"><a href=\"https:\/\/www.libre-envie.com\/index.php\/2026\/02\/05\/et-si-la-depression-le-burn-out-ne-surgissaient-pas-de-nulle-part\/\" target=\"_self\"  ><img loading=\"lazy\" decoding=\"async\" width=\"1170\" height=\"878\" src=\"https:\/\/www.libre-envie.com\/wp-content\/uploads\/2026\/02\/IMG_1183-1170x878.jpeg\" class=\"attachment-post-thumbnail size-post-thumbnail wp-post-image\" alt=\"Et si la d\u00e9pression &amp; le burn-out ne surgissaient pas de nulle part ?\" style=\"object-fit:cover;\" srcset=\"https:\/\/www.libre-envie.com\/wp-content\/uploads\/2026\/02\/IMG_1183-1170x878.jpeg 1170w, https:\/\/www.libre-envie.com\/wp-content\/uploads\/2026\/02\/IMG_1183-300x225.jpeg 300w, https:\/\/www.libre-envie.com\/wp-content\/uploads\/2026\/02\/IMG_1183-1024x768.jpeg 1024w, https:\/\/www.libre-envie.com\/wp-content\/uploads\/2026\/02\/IMG_1183-768x576.jpeg 768w, https:\/\/www.libre-envie.com\/wp-content\/uploads\/2026\/02\/IMG_1183-1536x1152.jpeg 1536w, https:\/\/www.libre-envie.com\/wp-content\/uploads\/2026\/02\/IMG_1183-2048x1536.jpeg 2048w\" sizes=\"auto, (max-width: 1170px) 100vw, 1170px\" \/><\/a><\/figure>\n\n\n<div class=\"wp-block-group is-layout-flow wp-container-core-group-is-layout-fe0e2ea3 wp-block-group-is-layout-flow\">\n<div class=\"wp-block-group is-layout-flex wp-block-group-is-layout-flex\"><div class=\"taxonomy-category wp-block-post-terms\"><a href=\"https:\/\/www.libre-envie.com\/index.php\/category\/article\/\" rel=\"tag\">Article<\/a><\/div><\/div>\n\n\n<h2 style=\"margin-bottom:18px;\" class=\"wp-block-post-title has-medium-font-size\"><a href=\"https:\/\/www.libre-envie.com\/index.php\/2026\/02\/05\/et-si-la-depression-le-burn-out-ne-surgissaient-pas-de-nulle-part\/\" target=\"_self\" >Et si la d\u00e9pression &amp; le burn-out ne surgissaient pas de nulle part ?<\/a><\/h2><\/div>\n<\/article>\n\n<\/li><li class=\"wp-block-post post-341 post type-post status-publish format-standard has-post-thumbnail hentry category-article\">\n\n<article class=\"wp-block-group is-layout-flow wp-block-group-is-layout-flow\"><figure class=\"hover-scale is-style-ona-rounded wp-block-post-featured-image\"><a href=\"https:\/\/www.libre-envie.com\/index.php\/2025\/10\/02\/et-si-notre-confusion-etait-un-refus-douvrir-les-yeux-sur-ce-qui-nous-tient-vraiment-a-coeur\/\" target=\"_self\"  ><img loading=\"lazy\" decoding=\"async\" width=\"1170\" height=\"878\" src=\"https:\/\/www.libre-envie.com\/wp-content\/uploads\/2025\/10\/IMG_0439-min-1170x878.jpeg\" class=\"attachment-post-thumbnail size-post-thumbnail wp-post-image\" alt=\"Et si notre confusion \u00e9tait un refus d&rsquo;ouvrir les yeux sur ce qui nous tient vraiment \u00e0 c\u0153ur ?\" style=\"object-fit:cover;\" srcset=\"https:\/\/www.libre-envie.com\/wp-content\/uploads\/2025\/10\/IMG_0439-min-1170x878.jpeg 1170w, https:\/\/www.libre-envie.com\/wp-content\/uploads\/2025\/10\/IMG_0439-min-300x225.jpeg 300w, https:\/\/www.libre-envie.com\/wp-content\/uploads\/2025\/10\/IMG_0439-min-1024x768.jpeg 1024w, https:\/\/www.libre-envie.com\/wp-content\/uploads\/2025\/10\/IMG_0439-min-768x576.jpeg 768w, https:\/\/www.libre-envie.com\/wp-content\/uploads\/2025\/10\/IMG_0439-min-1536x1152.jpeg 1536w, https:\/\/www.libre-envie.com\/wp-content\/uploads\/2025\/10\/IMG_0439-min-2048x1536.jpeg 2048w\" sizes=\"auto, (max-width: 1170px) 100vw, 1170px\" \/><\/a><\/figure>\n\n\n<div class=\"wp-block-group is-layout-flow wp-container-core-group-is-layout-fe0e2ea3 wp-block-group-is-layout-flow\">\n<div class=\"wp-block-group is-layout-flex wp-block-group-is-layout-flex\"><div class=\"taxonomy-category wp-block-post-terms\"><a href=\"https:\/\/www.libre-envie.com\/index.php\/category\/article\/\" rel=\"tag\">Article<\/a><\/div><\/div>\n\n\n<h2 style=\"margin-bottom:18px;\" class=\"wp-block-post-title has-medium-font-size\"><a href=\"https:\/\/www.libre-envie.com\/index.php\/2025\/10\/02\/et-si-notre-confusion-etait-un-refus-douvrir-les-yeux-sur-ce-qui-nous-tient-vraiment-a-coeur\/\" target=\"_self\" >Et si notre confusion \u00e9tait un refus d&rsquo;ouvrir les yeux sur ce qui nous tient vraiment \u00e0 c\u0153ur ?<\/a><\/h2><\/div>\n<\/article>\n\n<\/li><\/ul><\/div>\n<\/div>\n\n\n\n<div style=\"height:60px\" aria-hidden=\"true\" class=\"wp-block-spacer\"><\/div>\n<\/div>\n<\/div>\n","protected":false},"excerpt":{"rendered":"","protected":false},"author":1,"featured_media":0,"parent":0,"menu_order":0,"comment_status":"closed","ping_status":"closed","template":"page-header-footer-only","meta":{"footnotes":""},"class_list":["post-347","page","type-page","status-publish","hentry"],"_links":{"self":[{"href":"https:\/\/www.libre-envie.com\/index.php\/wp-json\/wp\/v2\/pages\/347","targetHints":{"allow":["GET"]}}],"collection":[{"href":"https:\/\/www.libre-envie.com\/index.php\/wp-json\/wp\/v2\/pages"}],"about":[{"href":"https:\/\/www.libre-envie.com\/index.php\/wp-json\/wp\/v2\/types\/page"}],"author":[{"embeddable":true,"href":"https:\/\/www.libre-envie.com\/index.php\/wp-json\/wp\/v2\/users\/1"}],"replies":[{"embeddable":true,"href":"https:\/\/www.libre-envie.com\/index.php\/wp-json\/wp\/v2\/comments?post=347"}],"version-history":[{"count":6,"href":"https:\/\/www.libre-envie.com\/index.php\/wp-json\/wp\/v2\/pages\/347\/revisions"}],"predecessor-version":[{"id":410,"href":"https:\/\/www.libre-envie.com\/index.php\/wp-json\/wp\/v2\/pages\/347\/revisions\/410"}],"wp:attachment":[{"href":"https:\/\/www.libre-envie.com\/index.php\/wp-json\/wp\/v2\/media?parent=347"}],"curies":[{"name":"wp","href":"https:\/\/api.w.org\/{rel}","templated":true}]}}